{"id":503,"date":"2026-02-07T16:38:51","date_gmt":"2026-02-07T15:38:51","guid":{"rendered":"https:\/\/www-2025.edu.lettere.uniroma2.it\/?page_id=503"},"modified":"2026-02-17T11:24:56","modified_gmt":"2026-02-17T10:24:56","slug":"pedagogia-generale-e-pedagogia-sociale-modulo-problemi-autori-e-testi-delleducazione-aa-2025-2026","status":"publish","type":"page","link":"https:\/\/www-2025.edu.lettere.uniroma2.it\/index.php\/insegnamenti-e-programmi-aa-2025-2026\/pedagogia-generale-e-pedagogia-sociale-modulo-problemi-autori-e-testi-delleducazione-aa-2025-2026\/","title":{"rendered":"Pedagogia generale e pedagogia sociale (Modulo problemi, autori e testi dell&#8217;educazione) a.a. 2025-2026"},"content":{"rendered":"\n<div class=\"wp-block-columns is-layout-flex wp-container-core-columns-is-layout-9d6595d7 wp-block-columns-is-layout-flex\">\n<div class=\"wp-block-column is-layout-flow wp-block-column-is-layout-flow\" style=\"flex-basis:100%\"><div class=\"wp-block-image\">\n<figure class=\"alignright size-full is-resized\"><a href=\"\/index.php\/insegnamenti-e-programmi-aa-2025-2026\/social-pedagogy-and-general-pedagogy-theoretical-perspectives-of-education-ay-2025-2026\/\"><img loading=\"lazy\" decoding=\"async\" width=\"31\" height=\"18\" src=\"https:\/\/www-2025.edu.lettere.uniroma2.it\/wp-content\/uploads\/2026\/02\/Eng-1.png\" alt=\"\" class=\"wp-image-306\" style=\"aspect-ratio:1.5296052823519115;width:31px;height:auto\"\/><\/a><\/figure>\n<\/div><\/div>\n<\/div>\n\n\n\n<figure class=\"wp-block-table\"><table class=\"has-background has-fixed-layout\" style=\"background-color:#f3f3f3\"><tbody><tr><td><strong>Docente:<\/strong> Prof.ssa Carla Roverselli<br><strong>E-mail: <\/strong><a href=\"mailto:roverselli@lettere.uniroma2.it\">roverselli@lettere.uniroma2.it<\/a><\/td><\/tr><\/tbody><\/table><\/figure>\n\n\n\n<figure class=\"wp-block-table\"><table class=\"has-fixed-layout\"><tbody><tr><td><strong>CFU:<\/strong> 12<br><strong>Codice:<\/strong> 804002503<br><strong>CdS:<\/strong> Scienze dell&#8217;educazione e della formazione<br><strong>Lingua:<\/strong> Italiano<\/td><td><strong>Modalit\u00e0 di svolgimento:<\/strong> a distanza<br><strong>Frequenza:<\/strong> facoltativa<br><strong>Modalit\u00e0 di valutazione:<\/strong> Prova orale<\/td><\/tr><\/tbody><\/table><\/figure>\n\n\n\n<figure class=\"wp-block-table\"><table class=\"has-fixed-layout\"><thead><tr><th><strong>Prerequisiti:<\/strong><\/th><\/tr><\/thead><tbody><tr><td>Lo\/la studente deve saper leggere e comprendere testi complessi<\/td><\/tr><\/tbody><\/table><\/figure>\n\n\n\n<figure class=\"wp-block-table\"><table class=\"has-background has-fixed-layout\" style=\"background-color:#f3f3f3\"><thead><tr><th><strong>Programma:<\/strong><\/th><\/tr><\/thead><tbody><tr><td>Modulo A &#8211; PEDAGOGIA GENERALE<br>presentazione dei modelli educativi elaborati da Comenio e Paulo Freire<br>Lettura e contestualizzazione di alcune opere di Comenio e Freire<\/td><\/tr><\/tbody><\/table><\/figure>\n\n\n\n<figure class=\"wp-block-table\"><table class=\"has-fixed-layout\"><thead><tr><th><strong>Testi adottati:<\/strong><\/th><\/tr><\/thead><tbody><tr><td>I testi adottati saranno indicati su Didattica web (<a href=\"https:\/\/didatticaweb.uniroma2.it\/it\/home\/accedi\/\">https:\/\/didatticaweb.uniroma2.it\/it\/home\/accedi\/<\/a> )<br>e saranno disponibili per essere scaricati anche nella pagina dedicata a questo insegnamento sulla piattaforma <a href=\"https:\/\/e-learning.uniroma2.it\/\">https:\/\/e-learning.uniroma2.it\/<\/a><\/td><\/tr><\/tbody><\/table><\/figure>\n\n\n\n<figure class=\"wp-block-table\"><table class=\"has-background has-fixed-layout\" style=\"background-color:#f3f3f3\"><thead><tr><th><strong>Bibliografia di riferimento:<\/strong><\/th><\/tr><\/thead><tbody><tr><td>I testi adottati saranno indicati su Didattica web nella pagina dedicata a questo insegnamento (https:\/\/didatticaweb.uniroma2.it\/it\/home\/accedi\/ )<br>e saranno disponibili per essere scaricati anche nella pagina dedicata a questo insegnamento sulla piattaforma https:\/\/e-learning.uniroma2.it\/<\/td><\/tr><\/tbody><\/table><\/figure>\n\n\n\n<figure class=\"wp-block-table\"><table class=\"has-fixed-layout\"><thead><tr><th><strong>Obiettivi formativi e risultati di apprendimento attesi:<\/strong><\/th><\/tr><\/thead><tbody><tr><td>OBIETTIVI FORMATIVI:<br>Conoscenza dei principi teoretici che sottendono l&#8217;intervento educativo. In particolare conoscenza di di alcuni modelli educativi e delle modalit\u00e0 di intervento in determinati contesti sociali<br>CONOSCENZA E CAPACIT\u00c0 DI COMPRENSIONE:<br>Lo\/la studente imparer\u00e0 a conoscere alcuni modelli educativi e a comprendere la variet\u00e0 dei contesti sociali in cui si dovranno modulare gli interventi<br>CAPACIT\u00c0 DI APPLICARE CONOSCENZA E COMPRENSIONE:<br>Lo\/la studente dovr\u00e0 essere in grado di applicare metodi e procedure descritte a lezione, riconoscere gli ambiti di applicabilit\u00e0, pianificare interventi educativi<br>AUTONOMIA DI GIUDIZIO:<br>Lo\/la studente dovr\u00e0 avere la capacit\u00e0 di raccogliere ed interpretare i dati ritenuti utili a determinare giudizi autonomi, inclusa la riflessione su temi sociali o etici ad essi connessi.<br>ABILIT\u00c0 COMUNICATIVE:<br>Lo\/la studente dovr\u00e0 saper comunicare informazioni, idee, problemi e soluzioni a interlocutori specialisti e non specialisti. Si richiede l&#8217;utilizzo competente di uno specifico linguaggio professionale<br>CAPACIT\u00c0 DI APPRENDIMENTO:<br>Lo\/la studente deve saper leggere e comprendere opere classiche dell&#8217;educazione, manuali, pubblicazioni scientifiche di divulgazione e di ricerca. Deve saper selezionare e correlare argomenti.<\/td><\/tr><\/tbody><\/table><\/figure>\n\n\n\n<figure class=\"wp-block-table is-style-regular\"><table class=\"has-background has-fixed-layout\" style=\"background-color:#f3f3f3\"><thead><tr><th><strong>Modalit\u00e0 e criteri di verifica dell\u2019apprendimento:<\/strong><\/th><\/tr><\/thead><tbody><tr><td>L&#8217;esame valuta la preparazione complessiva dello\/a studente, la capacit\u00e0 di mettere in relazione le conoscenze riguardanti le varie parti del programma, la coerenza dell&#8217;argomentazione, la capacit\u00e0 analitica e l&#8217;autonomia di giudizio. Vengono inoltre valutate la padronanza del linguaggio e la chiarezza espositiva dello\/a studente, in conformit\u00e0 con i descrittori di Dublino (1. conoscenza e comprensione; 2. applicazione della conoscenza e dell&#8217;esperienza; 3. formulazione di giudizi; 4. capacit\u00e0 di apprendimento; 5. capacit\u00e0 di comunicazione).<br>Il voto finale si baser\u00e0 per il 70% sull&#8217;approfondimento delle conoscenze dello studente e per il 30% sulla sua capacit\u00e0 di espressione e di pensiero critico indipendente.<br>L&#8217;esame sar\u00e0 valutato secondo i seguenti criteri:<br>\u2013 Non superato: significative carenze e imprecisioni nella conoscenza e nella comprensione della materia; scarse capacit\u00e0 di analisi e sintesi, ricorrenti generalizzazioni, limitate capacit\u00e0 critiche e di giudizio; gli argomenti sono esposti in modo incoerente e con un linguaggio inappropriato.<br>\u2013 18-20: Conoscenza e comprensione degli argomenti appena sufficiente, con occasionali generalizzazioni e imperfezioni; sufficiente capacit\u00e0 di analisi sintesi e autonomia di giudizio, gli argomenti sono frequentemente esposti in modo incoerente e con un lessico inadeguato.<br>\u2013 21-23: Discreta conoscenza e comprensione dell&#8217;argomento; adeguate capacit\u00e0 di analisi e sintesi con argomentazioni coerenti e logiche, ma con un lessico spesso inadeguato.<br>\u2013 24-26: Buona conoscenza e comprensione degli argomenti; buone capacit\u00e0 di analisi e sintesi con argomentazioni espresse in modo rigoroso, ma con un lessico non sempre adeguato.<br>\u2013 27-29: Ottima conoscenza e comprensione degli argomenti; notevoli capacit\u00e0 di analisi e sintesi. Buona autonomia di giudizio. Argomenti esposti in modo rigoroso e con un lessico.<br>\u2013 30-30 e lode: Eccellente livello di conoscenza e comprensione degli argomenti. Ottime capacit\u00e0 di analisi, sintesi e autonomia di giudizio. Le argomentazioni sono espresse in modo originale e con un lessico adeguato.<\/td><\/tr><\/tbody><\/table><\/figure>\n\n\n\n<figure class=\"wp-block-table\"><table class=\"has-fixed-layout\"><thead><tr><th><strong>Descrizione della modalit\u00e0 di svolgimento e metodi didattici adottati<\/strong>:<\/th><\/tr><\/thead><tbody><tr><td>Il modulo di Pedagogia generale \u00e8 erogato a distanza sulla piattaforma <a href=\"https:\/\/e-learning.uniroma2.it\/\">https:\/\/e-learning.uniroma2.it\/<\/a><br>La frequenza \u00e8 facoltativa, ma altamente consigliata.<br>lo\/la studente trover\u00e0 tutti i materiali di studio sulla piattaforma <a href=\"https:\/\/e-learning.uniroma2.it\/\">https:\/\/e-learning.uniroma2.it\/<\/a><\/td><\/tr><\/tbody><\/table><\/figure>\n\n\n\n<p><\/p>\n","protected":false},"excerpt":{"rendered":"<p>Docente: Prof.ssa Carla RoverselliE-mail: roverselli@lettere.uniroma2.it CFU: 12Codice: 804002503CdS: Scienze dell&#8217;educazione e della formazioneLingua: Italiano Modalit\u00e0 di svolgimento: a distanzaFrequenza: facoltativaModalit\u00e0 di valutazione: Prova orale Prerequisiti: Lo\/la studente deve saper leggere e comprendere testi complessi Programma: Modulo A &#8211; PEDAGOGIA GENERALEpresentazione<\/p>\n","protected":false},"author":3,"featured_media":0,"parent":351,"menu_order":0,"comment_status":"closed","ping_status":"closed","template":"","meta":{"footnotes":""},"class_list":["post-503","page","type-page","status-publish","hentry"],"_links":{"self":[{"href":"https:\/\/www-2025.edu.lettere.uniroma2.it\/index.php\/wp-json\/wp\/v2\/pages\/503","targetHints":{"allow":["GET"]}}],"collection":[{"href":"https:\/\/www-2025.edu.lettere.uniroma2.it\/index.php\/wp-json\/wp\/v2\/pages"}],"about":[{"href":"https:\/\/www-2025.edu.lettere.uniroma2.it\/index.php\/wp-json\/wp\/v2\/types\/page"}],"author":[{"embeddable":true,"href":"https:\/\/www-2025.edu.lettere.uniroma2.it\/index.php\/wp-json\/wp\/v2\/users\/3"}],"replies":[{"embeddable":true,"href":"https:\/\/www-2025.edu.lettere.uniroma2.it\/index.php\/wp-json\/wp\/v2\/comments?post=503"}],"version-history":[{"count":7,"href":"https:\/\/www-2025.edu.lettere.uniroma2.it\/index.php\/wp-json\/wp\/v2\/pages\/503\/revisions"}],"predecessor-version":[{"id":1139,"href":"https:\/\/www-2025.edu.lettere.uniroma2.it\/index.php\/wp-json\/wp\/v2\/pages\/503\/revisions\/1139"}],"up":[{"embeddable":true,"href":"https:\/\/www-2025.edu.lettere.uniroma2.it\/index.php\/wp-json\/wp\/v2\/pages\/351"}],"wp:attachment":[{"href":"https:\/\/www-2025.edu.lettere.uniroma2.it\/index.php\/wp-json\/wp\/v2\/media?parent=503"}],"curies":[{"name":"wp","href":"https:\/\/api.w.org\/{rel}","templated":true}]}}

<div class="wp-block-columns is-layout-flex wp-container-core-columns-is-layout-9d6595d7 wp-block-columns-is-layout-flex">
<div class="wp-block-column is-layout-flow wp-block-column-is-layout-flow" style="flex-basis:100%"><div class="wp-block-image">
<figure class="alignright size-full is-resized"><a href="/index.php/insegnamenti-e-programmi-aa-2025-2026/social-pedagogy-and-general-pedagogy-theoretical-perspectives-of-education-ay-2025-2026/"><img loading="lazy" decoding="async" width="31" height="18" src="https://www-2025.edu.lettere.uniroma2.it/wp-content/uploads/2026/02/Eng-1.png" alt="" class="wp-image-306" style="aspect-ratio:1.5296052823519115;width:31px;height:auto"/></a></figure>
</div></div>
</div>



<figure class="wp-block-table"><table class="has-background has-fixed-layout" style="background-color:#f3f3f3"><tbody><tr><td><strong>Docente:</strong> Prof.ssa Carla Roverselli<br><strong>E-mail: </strong><a href="mailto:roverselli@lettere.uniroma2.it">roverselli@lettere.uniroma2.it</a></td></tr></tbody></table></figure>



<figure class="wp-block-table"><table class="has-fixed-layout"><tbody><tr><td><strong>CFU:</strong> 12<br><strong>Codice:</strong> 804002503<br><strong>CdS:</strong> Scienze dell&#8217;educazione e della formazione<br><strong>Lingua:</strong> Italiano</td><td><strong>Modalità di svolgimento:</strong> a distanza<br><strong>Frequenza:</strong> facoltativa<br><strong>Modalità di valutazione:</strong> Prova orale</td></tr></tbody></table></figure>



<figure class="wp-block-table"><table class="has-fixed-layout"><thead><tr><th><strong>Prerequisiti:</strong></th></tr></thead><tbody><tr><td>Lo/la studente deve saper leggere e comprendere testi complessi</td></tr></tbody></table></figure>



<figure class="wp-block-table"><table class="has-background has-fixed-layout" style="background-color:#f3f3f3"><thead><tr><th><strong>Programma:</strong></th></tr></thead><tbody><tr><td>Modulo A &#8211; PEDAGOGIA GENERALE<br>presentazione dei modelli educativi elaborati da Comenio e Paulo Freire<br>Lettura e contestualizzazione di alcune opere di Comenio e Freire</td></tr></tbody></table></figure>



<figure class="wp-block-table"><table class="has-fixed-layout"><thead><tr><th><strong>Testi adottati:</strong></th></tr></thead><tbody><tr><td>I testi adottati saranno indicati su Didattica web (<a href="https://didatticaweb.uniroma2.it/it/home/accedi/">https://didatticaweb.uniroma2.it/it/home/accedi/</a> )<br>e saranno disponibili per essere scaricati anche nella pagina dedicata a questo insegnamento sulla piattaforma <a href="https://e-learning.uniroma2.it/">https://e-learning.uniroma2.it/</a></td></tr></tbody></table></figure>



<figure class="wp-block-table"><table class="has-background has-fixed-layout" style="background-color:#f3f3f3"><thead><tr><th><strong>Bibliografia di riferimento:</strong></th></tr></thead><tbody><tr><td>I testi adottati saranno indicati su Didattica web nella pagina dedicata a questo insegnamento (https://didatticaweb.uniroma2.it/it/home/accedi/ )<br>e saranno disponibili per essere scaricati anche nella pagina dedicata a questo insegnamento sulla piattaforma https://e-learning.uniroma2.it/</td></tr></tbody></table></figure>



<figure class="wp-block-table"><table class="has-fixed-layout"><thead><tr><th><strong>Obiettivi formativi e risultati di apprendimento attesi:</strong></th></tr></thead><tbody><tr><td>OBIETTIVI FORMATIVI:<br>Conoscenza dei principi teoretici che sottendono l&#8217;intervento educativo. In particolare conoscenza di di alcuni modelli educativi e delle modalità di intervento in determinati contesti sociali<br>CONOSCENZA E CAPACITÀ DI COMPRENSIONE:<br>Lo/la studente imparerà a conoscere alcuni modelli educativi e a comprendere la varietà dei contesti sociali in cui si dovranno modulare gli interventi<br>CAPACITÀ DI APPLICARE CONOSCENZA E COMPRENSIONE:<br>Lo/la studente dovrà essere in grado di applicare metodi e procedure descritte a lezione, riconoscere gli ambiti di applicabilità, pianificare interventi educativi<br>AUTONOMIA DI GIUDIZIO:<br>Lo/la studente dovrà avere la capacità di raccogliere ed interpretare i dati ritenuti utili a determinare giudizi autonomi, inclusa la riflessione su temi sociali o etici ad essi connessi.<br>ABILITÀ COMUNICATIVE:<br>Lo/la studente dovrà saper comunicare informazioni, idee, problemi e soluzioni a interlocutori specialisti e non specialisti. Si richiede l&#8217;utilizzo competente di uno specifico linguaggio professionale<br>CAPACITÀ DI APPRENDIMENTO:<br>Lo/la studente deve saper leggere e comprendere opere classiche dell&#8217;educazione, manuali, pubblicazioni scientifiche di divulgazione e di ricerca. Deve saper selezionare e correlare argomenti.</td></tr></tbody></table></figure>



<figure class="wp-block-table is-style-regular"><table class="has-background has-fixed-layout" style="background-color:#f3f3f3"><thead><tr><th><strong>Modalità e criteri di verifica dell’apprendimento:</strong></th></tr></thead><tbody><tr><td>L&#8217;esame valuta la preparazione complessiva dello/a studente, la capacità di mettere in relazione le conoscenze riguardanti le varie parti del programma, la coerenza dell&#8217;argomentazione, la capacità analitica e l&#8217;autonomia di giudizio. Vengono inoltre valutate la padronanza del linguaggio e la chiarezza espositiva dello/a studente, in conformità con i descrittori di Dublino (1. conoscenza e comprensione; 2. applicazione della conoscenza e dell&#8217;esperienza; 3. formulazione di giudizi; 4. capacità di apprendimento; 5. capacità di comunicazione).<br>Il voto finale si baserà per il 70% sull&#8217;approfondimento delle conoscenze dello studente e per il 30% sulla sua capacità di espressione e di pensiero critico indipendente.<br>L&#8217;esame sarà valutato secondo i seguenti criteri:<br>– Non superato: significative carenze e imprecisioni nella conoscenza e nella comprensione della materia; scarse capacità di analisi e sintesi, ricorrenti generalizzazioni, limitate capacità critiche e di giudizio; gli argomenti sono esposti in modo incoerente e con un linguaggio inappropriato.<br>– 18-20: Conoscenza e comprensione degli argomenti appena sufficiente, con occasionali generalizzazioni e imperfezioni; sufficiente capacità di analisi sintesi e autonomia di giudizio, gli argomenti sono frequentemente esposti in modo incoerente e con un lessico inadeguato.<br>– 21-23: Discreta conoscenza e comprensione dell&#8217;argomento; adeguate capacità di analisi e sintesi con argomentazioni coerenti e logiche, ma con un lessico spesso inadeguato.<br>– 24-26: Buona conoscenza e comprensione degli argomenti; buone capacità di analisi e sintesi con argomentazioni espresse in modo rigoroso, ma con un lessico non sempre adeguato.<br>– 27-29: Ottima conoscenza e comprensione degli argomenti; notevoli capacità di analisi e sintesi. Buona autonomia di giudizio. Argomenti esposti in modo rigoroso e con un lessico.<br>– 30-30 e lode: Eccellente livello di conoscenza e comprensione degli argomenti. Ottime capacità di analisi, sintesi e autonomia di giudizio. Le argomentazioni sono espresse in modo originale e con un lessico adeguato.</td></tr></tbody></table></figure>



<figure class="wp-block-table"><table class="has-fixed-layout"><thead><tr><th><strong>Descrizione della modalità di svolgimento e metodi didattici adottati</strong>:</th></tr></thead><tbody><tr><td>Il modulo di Pedagogia generale è erogato a distanza sulla piattaforma <a href="https://e-learning.uniroma2.it/">https://e-learning.uniroma2.it/</a><br>La frequenza è facoltativa, ma altamente consigliata.<br>lo/la studente troverà tutti i materiali di studio sulla piattaforma <a href="https://e-learning.uniroma2.it/">https://e-learning.uniroma2.it/</a></td></tr></tbody></table></figure>



<p></p>

<p>Docente: Prof.ssa Carla RoverselliE-mail: roverselli@lettere.uniroma2.it CFU: 12Codice: 804002503CdS: Scienze dell&#8217;educazione e della formazioneLingua: Italiano Modalità di svolgimento: a distanzaFrequenza: facoltativaModalità di valutazione: Prova orale Prerequisiti: Lo/la studente deve saper leggere e comprendere testi complessi Programma: Modulo A &#8211; PEDAGOGIA GENERALEpresentazione</p>
