{"id":470,"date":"2026-02-07T16:12:29","date_gmt":"2026-02-07T15:12:29","guid":{"rendered":"https:\/\/www-2025.edu.lettere.uniroma2.it\/?page_id=470"},"modified":"2026-02-17T11:11:38","modified_gmt":"2026-02-17T10:11:38","slug":"gender-and-inclusion-ita-aa-2025-2026","status":"publish","type":"page","link":"https:\/\/www-2025.edu.lettere.uniroma2.it\/index.php\/insegnamenti-e-programmi-aa-2025-2026\/gender-and-inclusion-ita-aa-2025-2026\/","title":{"rendered":"Gender and Inclusion (ITA) a.a. 2025-2026"},"content":{"rendered":"\n<div class=\"wp-block-columns is-layout-flex wp-container-core-columns-is-layout-9d6595d7 wp-block-columns-is-layout-flex\">\n<div class=\"wp-block-column is-layout-flow wp-block-column-is-layout-flow\" style=\"flex-basis:100%\"><div class=\"wp-block-image\">\n<figure class=\"alignright size-full is-resized\"><a href=\"\/index.php\/insegnamenti-e-programmi-aa-2025-2026\/gender-and-inclusion-eng-ay-2025-2026\/\"><img loading=\"lazy\" decoding=\"async\" width=\"31\" height=\"18\" src=\"https:\/\/www-2025.edu.lettere.uniroma2.it\/wp-content\/uploads\/2026\/02\/Eng-1.png\" alt=\"\" class=\"wp-image-306\" style=\"aspect-ratio:1.5296052823519115;width:31px;height:auto\"\/><\/a><\/figure>\n<\/div><\/div>\n<\/div>\n\n\n\n<figure class=\"wp-block-table\"><table class=\"has-background has-fixed-layout\" style=\"background-color:#f3f3f3\"><tbody><tr><td><strong>Docente:<\/strong> Prof. Barbara Martini<br><strong>E-mail:<\/strong> <a href=\"mailto:barbara.martini@uniroma2.it\">barbara.martini@uniroma2.it<\/a><\/td><\/tr><\/tbody><\/table><\/figure>\n\n\n\n<figure class=\"wp-block-table\"><table class=\"has-fixed-layout\"><tbody><tr><td><strong>CFU:<\/strong> 3<br><strong>Codice:<\/strong> 804002935<br><strong>CdS:<\/strong> Scienze dell&#8217;educazione e della formazione<br><strong>Lingua:<\/strong> Italiano<\/td><td><strong>Frequenza:<\/strong> facoltativa<br><strong>Modalit\u00e0 di valutazione:<\/strong> Valutazione di progetto<br><strong>Modalit\u00e0 di svolgimento:<\/strong> in presenza<\/td><\/tr><\/tbody><\/table><\/figure>\n\n\n\n<figure class=\"wp-block-table\"><table class=\"has-fixed-layout\"><thead><tr><th><strong>Prerequisiti:<\/strong><\/th><\/tr><\/thead><tbody><tr><td>Nessuno; il corso \u00e8 aperto a tutti gli iscritti e le iscritte all&#8217;Ateneo<\/td><\/tr><\/tbody><\/table><\/figure>\n\n\n\n<figure class=\"wp-block-table\"><table class=\"has-background has-fixed-layout\" style=\"background-color:#f3f3f3\"><thead><tr><th><strong>Programma:<\/strong><\/th><\/tr><\/thead><tbody><tr><td>I divari di genere: reali o percepiti?<br>1.1 I divari di genere nel mondo del lavoro;<br>1.2 Il ruolo cultura e delle tradizioni;<br>1.3 La scelta degli studi e gli sbocchi professionali;<br>1.4 Il ruolo delle aspettative sociali;<br>1.5 I bias inconsci<br>Cosa causa i divari di genere?<br>Origine e persistenza dei divari di genere<br>Le conseguenze dei divari di genere: chi perde e chi guadagna<br>3.1 Gli impatti del gender gap sulle istituzioni; sulla societ\u00e0 e sulle organizzazioni;<br>Non \u00e8 solo un problema economico<br>4.1 Creare valore attraverso l\u2019inclusione sociale<br>Obiettivo #5 dei millenium goals: Gender Equality;<br>Gli indicatori per misurare la disuguaglianza di genere e le politiche a livello sovranazionale: dalla Beijing Declaration and Platform for Action al Gender Action Plan III dell\u2019EU.<\/td><\/tr><\/tbody><\/table><\/figure>\n\n\n\n<figure class=\"wp-block-table\"><table class=\"has-fixed-layout\"><thead><tr><th><strong>Testi adottati:<\/strong><\/th><\/tr><\/thead><tbody><tr><td>Materiale fornito dalla docente<\/td><\/tr><\/tbody><\/table><\/figure>\n\n\n\n<figure class=\"wp-block-table\"><table class=\"has-fixed-layout\"><thead><tr><th><strong>Obiettivi formativi e risultati di apprendimento attesi:<\/strong><\/th><\/tr><\/thead><tbody><tr><td>OBIETTIVI FORMATIVI:Obiettivo del corso \u00e8 quello di rispondere alla seguente domanda: Come si ottiene un modello sociale rispettoso del gender ed inclusivo? Per rispondere a questa domanda \u00e8 necessario comprendere l\u2019origine e le conseguenze delle disuguaglianze di genere sotto il profilo economico, familiare e sociale al fine di comprendere quali azioni devono essere intraprese per diminuire le disuguaglianze.<br>CONOSCENZA E CAPACIT\u00c0 DI COMPRENSIONE:<br>Focalizzare l&#8217;attenzione sui gender bias e sulle origini degli stessi per rimuoverli<br>CAPACIT\u00c0 DI APPLICARE CONOSCENZA E COMPRENSIONE: Creare una comunit\u00e0 resiliente abbattendo gli stereotipi di genere<br>AUTONOMIA DI GIUDIZIO:<br>ABILIT\u00c0 COMUNICATIVE:<br>CAPACIT\u00c0 DI APPRENDIMENTO:<\/td><\/tr><\/tbody><\/table><\/figure>\n\n\n\n<figure class=\"wp-block-table is-style-regular\"><table class=\"has-background has-fixed-layout\" style=\"background-color:#f3f3f3\"><thead><tr><th><strong>Modalit\u00e0 e criteri di verifica dell\u2019apprendimento:<\/strong><\/th><\/tr><\/thead><tbody><tr><td>Project work su temi legati al gender<\/td><\/tr><\/tbody><\/table><\/figure>\n\n\n\n<figure class=\"wp-block-table\"><table class=\"has-fixed-layout\"><thead><tr><th><strong>Descrizione della modalit\u00e0 di svolgimento e metodi didattici adottati<\/strong>:<\/th><\/tr><\/thead><tbody><tr><td>Durante il corso viene affrontato un argomento, vengono svolti questionari sull&#8217;argomento e discusso. Inoltre, le testimonianze sono proposte da relatori che approfondiscono temi specifici.<br>Frequenza facoltativa.<\/td><\/tr><\/tbody><\/table><\/figure>\n\n\n\n<p><\/p>\n","protected":false},"excerpt":{"rendered":"<p>Docente: Prof. Barbara MartiniE-mail: barbara.martini@uniroma2.it CFU: 3Codice: 804002935CdS: Scienze dell&#8217;educazione e della formazioneLingua: Italiano Frequenza: facoltativaModalit\u00e0 di valutazione: Valutazione di progettoModalit\u00e0 di svolgimento: in presenza Prerequisiti: Nessuno; il corso \u00e8 aperto a tutti gli iscritti e le iscritte all&#8217;Ateneo Programma:<\/p>\n","protected":false},"author":3,"featured_media":0,"parent":351,"menu_order":0,"comment_status":"closed","ping_status":"closed","template":"","meta":{"footnotes":""},"class_list":["post-470","page","type-page","status-publish","hentry"],"_links":{"self":[{"href":"https:\/\/www-2025.edu.lettere.uniroma2.it\/index.php\/wp-json\/wp\/v2\/pages\/470","targetHints":{"allow":["GET"]}}],"collection":[{"href":"https:\/\/www-2025.edu.lettere.uniroma2.it\/index.php\/wp-json\/wp\/v2\/pages"}],"about":[{"href":"https:\/\/www-2025.edu.lettere.uniroma2.it\/index.php\/wp-json\/wp\/v2\/types\/page"}],"author":[{"embeddable":true,"href":"https:\/\/www-2025.edu.lettere.uniroma2.it\/index.php\/wp-json\/wp\/v2\/users\/3"}],"replies":[{"embeddable":true,"href":"https:\/\/www-2025.edu.lettere.uniroma2.it\/index.php\/wp-json\/wp\/v2\/comments?post=470"}],"version-history":[{"count":8,"href":"https:\/\/www-2025.edu.lettere.uniroma2.it\/index.php\/wp-json\/wp\/v2\/pages\/470\/revisions"}],"predecessor-version":[{"id":1132,"href":"https:\/\/www-2025.edu.lettere.uniroma2.it\/index.php\/wp-json\/wp\/v2\/pages\/470\/revisions\/1132"}],"up":[{"embeddable":true,"href":"https:\/\/www-2025.edu.lettere.uniroma2.it\/index.php\/wp-json\/wp\/v2\/pages\/351"}],"wp:attachment":[{"href":"https:\/\/www-2025.edu.lettere.uniroma2.it\/index.php\/wp-json\/wp\/v2\/media?parent=470"}],"curies":[{"name":"wp","href":"https:\/\/api.w.org\/{rel}","templated":true}]}}